*3 - 38*v**2 - 225*v + 236. Determine y(43).
-194
Let b(q) = -36*q**2 - 258*q - 135. Give b(-3).
315
Let z(x) = 5*x**3 + 213*x**2 + 110*x + 163. Calculate z(-42).
835
Let x(n) = 5649*n - 309352. Calculate x(55).
1343
Let v(a) = 158707*a - 1269653. What is v(8)?
3
Let a(r) = 22554*r + 157805. What is a(-7)?
-73
Let r(p) = -2*p**2 - 3885*p - 1010827. What is r(-1633)?
0
Let x(q) = 16*q**3 + 70*q**2 - 141*q - 423. Give x(-6).
-513
Let p(k) = 14*k**2 - 4709*k + 1680. Calculate p(336).
0
Let g(c) = 784*c - 3047. Determine g(4).
89
Let x(s) = -99*s + 8810. Give x(87).
197
Let j(n) = -13765*n + 4680104. What is j(340)?
4
Let t(k) = k**3 - k**2 - 228*k - 1052. Calculate t(-10).
128
Let n(s) = 6216*s + 4898189. What is n(-788)?
-19
Let o(x) = -x**3 + 5*x**2 + 45*x + 31. Determine o(8).
199
Let u(l) = -l**2 - 74*l + 4811. Calculate u(36).
851
Let q(b) = 2*b**2 - 212*b + 2440. Determine q(94).
184
Let v(a) = -546*a - 2652. What is v(-2)?
-1560
Let v(s) = s**3 + 594*s**2 + 6452*s + 22711. What is v(-583)?
-26
Let r(u) = 9*u**3 + 2*u**2 + 7*u - 3. What is r(-3)?
-249
Let r(f) = -16*f**3 - 23*f**2 + 87*f - 30. Determine r(2).
-76
Let d(w) = w**2 + 2970*w - 906463. Give d(279).
8
Let i(n) = -63888*n - 383352. What is i(-6)?
-24
Let g(w) = -102*w**3 - 11*w**2 + 40*w + 238. What is g(-3)?
2773
Let w(x) = -2*x**2 + 1501*x + 517830. Calculate w(-257).
-25
Let z(d) = 3*d**3 - 34*d**2 - 478*d + 5309. Determine z(13).
-60
Let y(a) = -2*a**3 + 9*a**2 + 3*a - 150. What is y(8)?
-574
Let b(n) = 1526*n - 4542. What is b(3)?
36
Let q(o) = -280*o - 2062. Calculate q(-2).
-1502
Let j(w) = w**3 + 163*w**2 - 15387*w - 1553. Give j(67).
-12
Let s(u) = u**3 - 289*u**2 + 1120*u + 79. Calculate s(4).
-1
Let s(t) = -2*t**3 - 21*t**2 + 67*t + 648. Determine s(-5).
38
Let j(i) = 19*i**2 - 307*i - 1497. What is j(20)?
-37
Let i(j) = j**2 - 265*j + 3436. Determine i(14).
-78
Let f(u) = -10395*u - 21215. Calculate f(-2).
-425
Let w(l) = -77405*l + 154802. Determine w(2).
-8
Let u(h) = 4*h**2 - 15595*h + 62372. Give u(4).
56
Let i(h) = 11*h**2 + 1132*h + 5287. Determine i(-98).
-5
Let d(k) = k**3 + 3145*k**2 - 44225*k + 15. Give d(14).
29
Let v(p) = p**2 + 5*p - 554. Determine v(28).
370
Let z(m) = 7*m**3 + 148*m**2 + 164*m - 10. Give z(-20).
-90
Let o(h) = 37*h + 4517. Give o(-90).
1187
Let a(o) = -41*o**3 + 67*o**2 - 97*o + 30. Determine a(1).
-41
Let k(t) = 3*t**3 + 141*t**2 - 616*t - 22509. What is k(-48)?
147
Let n(g) = -6*g**3 - 108*g**2 - 502*g - 579. Calculate n(-2).
41
Let j(w) = 26*w**2 + 3509*w - 10899. Give j(-138).
3
Let x(s) = 44*s**2 + 522*s + 220. What is x(-11)?
-198
Let p(n) = -n**2 - 1051*n + 19241. Calculate p(18).
-1
Let a(s) = 41927*s + 167698. What is a(-4)?
-10
Let u(h) = -404174*h + 11721049. Calculate u(29).
3
Let i(u) = 14*u**2 - 1063*u - 289. Determine i(76).
-213
Let b(a) = 2*a**2 + 395*a - 1006. Give b(-200).
-6
Let h(f) = -3*f**3 - 119*f**2 + 310*f + 665. Determine h(-42).
-7
Let c(m) = -m**2 - 162*m - 6160. Give c(-58).
-128
Let k(i) = -5*i**3 + 2142*i**2 - 836*i - 8274. What is k(428)?
286
Let a(b) = -19783*b - 2650920. Calculate a(-134).
2
Let r(n) = 2*n**2 - 25600*n - 435758. Give r(-17).
20
Let v(y) = -2*y**3 - 137*y**2 - 472*y - 1130. Give v(-65).
-25
Let g(f) = -f**3 - 15*f**2 + 263*f + 27. Give g(11).
-226
Let o(q) = -79*q**2 - 1565*q + 3. Give o(-20).
-297
Let f(i) = -3*i**3 + 670*i**2 - 222*i - 226. Determine f(223).
-3
Let o(y) = -y**3 - 620*y**2 - 706*y - 53854. Determine o(-619).
-1
Let n(m) = 14*m**2 + 447*m + 3486. What is n(-18)?
-24
Let z(a) = 44697*a + 357496. Determine z(-8).
-80
Let p(j) = 134*j**2 + 30*j + 66. Give p(-3).
1182
Let q(o) = -o**3 - 45*o**2 + 360*o - 3369. Give q(-53).
23
Let j(l) = -2*l**3 - 233*l**2 - 390*l - 87787. Determine j(-118).
5
Let g(t) = 24*t**2 - 682*t + 2981. Determine g(23).
-9
Let f(d) = -11*d**2 - 1050*d - 3525. Determine f(-93).
-1014
Let a(l) = l**3 + 53*l**2 + 127*l + 610. What is a(-51)?
-665
Let m(g) = -605*g + 18264. What is m(30)?
114
Let q(t) = -t**3 + 46*t**2 + 806*t + 242. Determine q(-17).
4747
Let x(y) = 1223*y - 3844. Give x(3).
-175
Let h(m) = -13*m**3 + 7*m**2 - 100*m + 207. Give h(2).
-69
Let k(d) = -d**3 + 31*d**2 - 359*d + 4578. Determine k(24).
-6
Let c(l) = 226245*l + 1131254. Give c(-5).
29
Let o(p) = p**3 - 53*p**2 - 405*p + 24363. Determine o(51).
-1494
Let u(g) = -g**2 + 223*g - 4234. Calculate u(21).
8
Let b(r) = 2*r**2 - 570*r + 23948. Determine b(50).
448
Let p(a) = -656*a**2 + 5905*a. Calculate p(9).
9
Let u(z) = -z**2 - 2468582*z + 2468583. What is u(1)?
0
Let d(p) = -21*p**2 + 993*p + 237. Determine d(44).
3273
Let v(x) = 1965*x + 108104. What is v(-55)?
29
Let g(w) = -720436*w - 3602183. Determine g(-5).
-3
Let n(w) = -2*w**3 + 48*w**2 + 11582*w - 277988. Give n(24).
-20
Let m(x) = -x**3 - 1531*x**2 - 19728*x + 55. Calculate m(-13).
-23
Let s(o) = 286*o**2 - 34*o - 3. Give s(-3).
2673
Let r(u) = -u**3 - 185*u**2 - 90*u - 16639. What is r(-185)?
11
Let m(d) = -6*d**2 + 195*d + 1927. What is m(-8)?
-17
Let a(j) = -13*j**3 - 81*j**2 - 37*j - 98. What is a(-6)?
16
Let y(r) = -r**2 + 15438*r + 169938. Calculate y(-11).
-1
Let w(d) = 281853*d + 13810804. Calculate w(-49).
7
Let v(w) = -469*w - 6444. Give v(-14).
122
Let h(c) = 4*c**3 + 369*c**2 + 58*c - 3142. Give h(-92).
-14
Let k(h) = -h**3 + 24*h**2 - 181*h + 12. Give k(9).
-402
Let h(k) = k**3 + 8*k**2 + 7*k + 346. Calculate h(-14).
-928
Let k(h) = -5832*h - 11561. What is k(-2)?
103
Let v(d) = -d**3 + 1548*d**2 + 26600*d + 43. Give v(-17).
128
Let t(c) = 50*c**2 - 11693*c - 1670. What is t(234)?
-32
Let p(n) = -4*n**2 - 238*n + 240. Determine p(-60).
120
Let s(n) = -n**2 - 110*n + 1067. What is s(9)?
-4
Let v(w) = 3*w**2 - 41*w - 542. Give v(-14).
620
Let d(g) = g**3 - 102*g**2 + 2284*g - 240. Calculate d(33).
-9
Let c(d) = -298*d**2 - 3889*d - 193. Calculate c(-13).
2
Let h(b) = 4684*b - 28077. Give h(6).
27
Let j(m) = 16*m**2 - 903*m - 1813. Give j(-2).
57
Let d(w) = 8*w**2 - 426*w + 575. What is d(52)?
55
Let o(l) = -5377*l - 188213. Give o(-35).
-18
Let q(n) = -n**3 + 255*n**2 - 732*n - 6060. Determine q(252).
-12
Let x(d) = -d**2 - 307*d - 23207. Calculate x(-133).
-65
Let m(a) = -2*a**3 - 16*a**2 + 386*a - 1575. Determine m(4).
-415
Let j(s) = s**3 - 2*s**2 + 43*s + 321. Give j(-4).
53
Let d(o) = 180*o - 3640. Give d(17).
-580
Let f(a) = 145*a - 201. What is f(6)?
669
Let m(w) = 33526*w - 29. Give m(0).
-29
Let x(r) = r**3 + 64*r**2 - 198*r + 149. What is x(-67)?
-52
Let c(l) = 9*l**3 - 133*l**2 + 47*l - 1142. Give c(15).
13
Let w(b) = b**2 + 4256*b - 51221. Determine w(12).
-5
Let l(c) = 39*c**3 + 30*c**2 + 84*c - 8. Calculate l(-3).
-1043
Let b(u) = u**2 - 69*u - 5102. Calculate b(-43).
-286
Let x(o) = 2*o**3 - 433*o**2 + 1483*o + 431. What is x(213)?
-1273
Let s(b) = -7417*b + 110769. What is s(15)?
-486
Let g(k) = -6*k**3 + 3*k**2 + 259*k - 788. Determine g(3).
-146
Let r(w) = 12716*w - 38905. What is r(3)?
-757
Let d(p) = -204*p - 1053. Calculate d(-2).
-645
Let n(g) = -g**2 - 260*g - 6361. Calculate n(-240).
-1561
Let f(u) = -u**3 + 17*u**2 - 2250*u + 21805. Give f(10).
5
Let g(m) = -7728*m - 571868. Determine g(-74).
4
Let w(c) = -21421*c + 364175. Calculate w(17).
18
Let d(z) = z**3 - 219*z**2 + 11746*z + 487. Give d(125).
-13
Let x(j) = j**3 - 5*j**2 - 24172*j + 96718. Calculate x(4).
14
Let q(k) = -250*k - 30521. Determine q(-122).
-21
Let b(j) = -8*j**3 - 96*j**2 + 69*j + 74. Give b(-13).
529
Let o(r) = -130*r - 10657. Determine o(-83).
133
Let z(d) = 1820*d + 107424. Give z(-59).
44
Let t(l) = 42*l**2 - 6057*l - 4833. Determine t(145).
-48
Let y(m) = -5*m**2 + 16*m - 2. Determine y(12).
-530
Let f(x) = -5*x**2 + 288*x + 3401. Determine f(-13).
-1188
Let t(d) = d**3 + 33*d**2 + 3421*d + 35012. Determine t(-11).
43
Let z(u) = -35310*u**2 + 105941*u - 43. Calculate z(3).
-10
Let x(r) = 3*r**3 + 25*r**2 - 35*r - 518. What is x(8)?
2338
Let i(u) = -241*u + 30855. Determine i(127).
248
Let q(s) = 124*s**2 + 44*s + 21. Give q(-2).
429
Let s(f) = -f**3 - 14*f**2 + 1661*f + 2016. Determine s(35).
126
Let m(h) = 6*h**2 - 12370*h + 720598. Calculate m(60).
-2
Let q(k) = -1065*k + 2161. Determine q(3).
-1034
Let i(k) = 14*k**2 - 403*k + 208. Calculate i(25).
-1117
Let c(g) = 7844*g**2 + 470645*g + 300. What is c(-